 divisor of 17 and 3299649?
17
What is the highest common divisor of 515046 and 378?
42
Calculate the greatest common divisor of 943 and 66461.
41
Calculate the highest common factor of 5200 and 30350.
50
Calculate the highest common divisor of 391 and 4159849.
391
What is the highest common factor of 36680 and 1960?
280
Calculate the greatest common divisor of 23522 and 76.
38
What is the greatest common factor of 28 and 1379?
7
Calculate the highest common factor of 368 and 10741.
23
What is the greatest common divisor of 9715 and 1305?
145
What is the highest common divisor of 4590 and 54540?
270
What is the greatest common divisor of 5666342 and 22?
22
What is the greatest common divisor of 106 and 740463?
53
Calculate the highest common factor of 13663896 and 596.
596
What is the greatest common factor of 1385 and 7821095?
1385
What is the highest common factor of 11938 and 15792?
94
Calculate the highest common factor of 145 and 122902.
29
What is the greatest common factor of 1160 and 35?
5
What is the highest common divisor of 97862 and 668?
334
What is the highest common divisor of 52 and 72748?
52
What is the highest common divisor of 74176 and 14592?
1216
What is the greatest common divisor of 2622 and 27646?
46
What is the highest common divisor of 200 and 160100?
100
What is the greatest common divisor of 15 and 227385?
15
What is the highest common factor of 14270 and 160?
10
What is the greatest common factor of 112232 and 8?
8
Calculate the highest common factor of 96 and 9720.
24
Calculate the highest common divisor of 228 and 273828.
228
What is the greatest common factor of 19776 and 52?
4
Calculate the greatest common factor of 38136 and 105.
21
What is the highest common divisor of 1996 and 2505479?
499
Calculate the greatest common divisor of 68973 and 830.
83
What is the greatest common divisor of 48418 and 12298?
86
Calculate the highest common divisor of 61588 and 890.
178
What is the highest common factor of 1990 and 6430?
10
Calculate the greatest common divisor of 211773 and 146.
73
Calculate the greatest common factor of 40911 and 2067.
39
What is the highest common divisor of 335151 and 27?
27
Calculate the highest common factor of 2867 and 102785.
61
What is the greatest common divisor of 1700 and 62492?
68
Calculate the highest common factor of 5829 and 11919.
87
What is the highest common divisor of 36 and 62469?
9
Calculate the highest common divisor of 6437 and 943.
41
What is the highest common factor of 24 and 84786?
6
What is the greatest common factor of 104 and 76232?
104
Calculate the highest common factor of 2055 and 432235.
685
Calculate the greatest common divisor of 536199 and 276.
69
What is the highest common factor of 3731 and 6825?
91
Calculate the highest common divisor of 35310 and 88.
22
Calculate the greatest common divisor of 66859 and 173472.
1807
What is the greatest common factor of 12863 and 1615?
19
Calculate the greatest common factor of 45 and 1745.
5
Calculate the highest common factor of 15798 and 852.
6
What is the highest common factor of 1185 and 2183560?
395
Calculate the greatest common factor of 513930 and 11100.
1110
What is the highest common factor of 3093908 and 1328?
332
What is the highest common divisor of 40179 and 133476?
681
What is the highest common factor of 73302 and 9690?
114
Calculate the highest common divisor of 93 and 16329.
3
What is the highest common factor of 5022 and 8604?
18
Calculate the highest common divisor of 252363 and 24.
3
What is the greatest common factor of 196 and 59535?
49
Calculate the greatest common divisor of 15 and 3153.
3
Calculate the highest common divisor of 55510 and 767.
13
What is the greatest common divisor of 4305 and 39893?
287
Calculate the highest common divisor of 4793415 and 417.
417
Calculate the highest common divisor of 661381 and 7.
7
Calculate the highest common divisor of 42 and 87402.
42
Calculate the greatest common factor of 171 and 2073.
3
Calculate the greatest common factor of 580567 and 442.
221
What is the highest common divisor of 1 and 294833?
1
What is the greatest common divisor of 5 and 114275?
5
Calculate the highest common factor of 7 and 40054.
7
What is the greatest common divisor of 4892583 and 2346?
1173
Calculate the greatest common factor of 23 and 5431427.
23
What is the greatest common factor of 1040937 and 177?
177
What is the highest common factor of 34 and 225046?
34
Calculate the greatest common divisor of 18176 and 2414.
142
Calculate the highest common divisor of 69673 and 579.
193
What is the highest common divisor of 290696 and 56?
56
Calculate the greatest common factor of 30 and 323430.
30
What is the highest common divisor of 270 and 92502?
54
What is the highest common factor of 7959 and 84?
21
Calculate the highest common factor of 3567 and 899.
29
What is the greatest common factor of 3995964 and 60?
12
What is the greatest common divisor of 575762 and 88?
22
What is the highest common divisor of 1760 and 638?
22
What is the highest common divisor of 1565 and 2576303?
313
What is the greatest common divisor of 60 and 5415?
15
Calculate the highest common divisor of 64096 and 160.
32
What is the greatest common factor of 452835 and 174?
87
What is the highest common factor of 88 and 20452?
4
What is the greatest common factor of 14925 and 1200?
75
Calculate the highest common divisor of 26230 and 190.
10
Calculate the highest common factor of 36252 and 76.
76
Calculate the highest common divisor of 1149 and 108389.
383
Calculate the greatest common factor of 27 and 192.
3
What is the highest common divisor of 19 and 18606947?
19
Calculate the highest common factor of 22301 and 232.
29
Calculate the greatest common factor of 4161 and 2555.
73
Calculate the greatest common factor of 339 and 60681.
339
What is the greatest common divisor of 21 and 523299?
21
What is the highest common divisor of 37442 and 1930?
386
What is the greatest common divisor of 339910 and 13300?
190
What is the greatest common divisor of 182427 and 63?
21
Calculate the greatest common factor of 54 and 585171.
27
What is the highest common factor of 910 and 241514?
182
Calculate the highest common divisor of 319075 and 1525.
25
Calculate the highest common divisor of 132 and 2724.
12
Calculate the greatest common factor of 184 and 138092.
92
Calculate the highest common divisor of 221 and 58769.
17
What is the greatest common factor of 9128 and 2296?
56
Calculate the highest common divisor of 212647 and 631.
631
Calculate the greatest common factor of 10368 and 61884.
324
Calculate the highest common divisor of 2871 and 23661.
99
What is the greatest common divisor of 35126 and 2002?
182
Calculate the greatest common factor of 14946 and 141.
141
Calculate the highest common divisor of 102 and 19326.
6
Calculate the highest common divisor of 60 and 12675.
15
What is the greatest common factor of 62 and 3981454?
62
What is the greatest common divisor of 396 and 1825857?
99
Calculate the highest common divisor of 329 and 2401.
7
What is the greatest common divisor of 737 and 5742?
11
Calculate the greatest common factor of 19355 and 1027.
79
What is the highest common divisor of 7844 and 45156?
212
Calculate the greatest common factor of 5564 and 208.
52
Calculate the highest common divisor of 1048 and 1179.
131
What is the greatest common divisor of 60 and 49095?
15
What is the highest common divisor of 230 and 5617290?
230
What is the greatest common factor of 107739 and 360?
9
Calculate the highest common divisor of 490074 and 1957.
103
Calculate the greatest common divisor of 27484 and 16.
4
Calculate the greatest common divisor of 3467656 and 107.
107
What is the highest common divisor of 140415 and 231?
33
What is the greatest common factor of 2024 and 106766?
506
Calculate the greatest common factor of 27 and 10377.
9
Calculate the greatest common divisor of 675757 and 758.
379
What is the highest common factor of 616 and 31152?
88
What is the greatest common divisor of 37 and 3050946?
37
What is the highest common factor of 754 and 116?
58
Calculate the highest common factor of 77 and 96173.
77
What is the greatest common factor of 1911 and 26364?
39
Calculate the highest common factor of 90 and 3